 6 + -1a?
-14
In base 10, what is 4 - 1116?
-1112
In base 4, what is -2031 + 11?
-2020
In base 2, what is 11 - -10001001110?
10001010001
In base 15, what is -10 + -1?
-11
In base 10, what is -28 + 1?
-27
In base 6, what is 0 + 305?
305
In base 4, what is -1231 - -11?
-1220
In base 2, what is 100 + -11111000110?
-11111000010
In base 13, what is -1 - -273?
272
In base 6, what is 400 - -3?
403
In base 15, what is -4 + 228?
224
In base 11, what is -2a5 - 19?
-313
In base 5, what is -3312 + -12?
-3324
In base 8, what is 2 - -51?
53
In base 4, what is -2 - -220211?
220203
In base 2, what is 11010 + 101001?
1000011
In base 12, what is -ba - 2?
-100
In base 8, what is -1 + -5241?
-5242
In base 10, what is -29 + -86?
-115
In base 6, what is 100 - -3?
103
In base 8, what is 64 - 5?
57
In base 12, what is -1 - -79?
78
In base 9, what is 27 - -1184?
1222
In base 9, what is 2 + 4?
6
In base 8, what is -2 - -417?
415
In base 16, what is 4 - 1c?
-18
In base 10, what is -2 + -33?
-35
In base 5, what is -10 + 11420?
11410
In base 13, what is 2 + -c6?
-c4
In base 14, what is -4c + -4?
-52
In base 9, what is 200 + 43?
243
In base 5, what is 20244 - 10?
20234
In base 10, what is -1 + -185?
-186
In base 6, what is 3 - -10542?
10545
In base 15, what is 681 - 0?
681
In base 10, what is 29 + 5?
34
In base 8, what is 15 - -27?
44
In base 2, what is -101 - 1001000010?
-1001000111
In base 7, what is -53 - -1?
-52
In base 7, what is 4423 + -2?
4421
In base 10, what is -653 - 5?
-658
In base 4, what is -1002 - 22?
-1030
In base 2, what is -1001 - 111000010?
-111001011
In base 13, what is -3 - -9?
6
In base 8, what is -60 - -3?
-55
In base 4, what is 3 + 110221?
110230
In base 8, what is -1537 + 4?
-1533
In base 2, what is -100111110001 - 1?
-100111110010
In base 8, what is -13744 + 3?
-13741
In base 6, what is 1241 + 10?
1251
In base 8, what is -101543 + 5?
-101536
In base 2, what is -10000 + -11001?
-101001
In base 8, what is -2 - -641?
637
In base 15, what is -17a1 + -5?
-17a6
In base 14, what is dcc + 6?
dd4
In base 13, what is 222 + 1?
223
In base 6, what is 22 + 101?
123
In base 15, what is 4 - 4a?
-46
In base 4, what is -10 + 1?
-3
In base 11, what is 6073 - -2?
6075
In base 10, what is -1270 - -2?
-1268
In base 8, what is -11 + -1765?
-1776
In base 14, what is 17 + -b2?
-99
In base 12, what is 1 + -a?
-9
In base 6, what is -14031 - -5?
-14022
In base 6, what is 24 - -151?
215
In base 14, what is -33 - -11?
-22
In base 16, what is -5 + df?
da
In base 14, what is -426 - -2?
-424
In base 15, what is -185 - 0?
-185
In base 16, what is -1c8 + 5?
-1c3
In base 9, what is 1 - 304?
-303
In base 8, what is -51 + 0?
-51
In base 2, what is 10001 - -1000100111?
1000111000
In base 13, what is 5 - 258?
-253
In base 7, what is -256 + -14?
-303
In base 11, what is 0 + -58?
-58
In base 5, what is 221 + 0?
221
In base 12, what is -b9 - 135?
-232
In base 3, what is -10 + 1112?
1102
In base 3, what is 21 + -221?
-200
In base 15, what is -a6 - 4?
-aa
In base 6, what is 35 + 452?
531
In base 14, what is 4 - 45?
-41
In base 13, what is -a5 + -ca?
-1a2
In base 6, what is -13 + -122?
-135
In base 16, what is 1a6 + 0?
1a6
In base 10, what is -4 - -1650?
1646
In base 14, what is 1d + -15?
8
In base 3, what is -12 + 101122?
101110
In base 16, what is -12b - 1?
-12c
In base 14, what is -16 - 5?
-1b
In base 8, what is -32 + 136?
104
In base 3, what is 11 - -10201010?
10201021
In base 13, what is -2c34 + -5?
-2c39
In base 16, what is -3 + -18c?
-18f
In base 6, what is 2 - -32011?
32013
In base 8, what is 32 + -3?
27
In base 3, what is 101011 + 11?
101022
In base 15, what is 158c - 5?
1587
In base 11, what is 52 + -17?
36
In base 13, what is 15cc - 5?
15c7
In base 8, what is -1143 - -1?
-1142
In base 16, what is -55 - 13?
-68
In base 10, what is -526 + 1?
-525
In base 7, what is -441 - 10?
-451
In base 13, what is -2 - 0?
-2
In base 15, what is 4 - -1b1b?
1b20
In base 7, what is 1116 + 3?
1122
In base 11, what is 25 - 2?
23
In base 5, what is -1244 - 4?
-1303
In base 12, what is 2 + -160?
-15a
In base 6, what is 4 + 11203?
11211
In base 2, what is -1001 + 111101011?
111100010
In base 13, what is b8 + -1?
b7
In base 11, what is -1177 + 3?
-1174
In base 13, what is 7 - 55?
-4b
In base 9, what is 4 + -36?
-32
In base 7, what is 6 - 200?
-161
In base 13, what is -1 - 307?
-308
In base 14, what is -c38 - -2?
-c36
In base 10, what is 5 + 44?
49
In base 12, what is 20 - -4?
24
In base 11, what is -2 + -99?
-a0
In base 14, what is 8 - -20?
28
In base 16, what is 1b - 4c?
-31
In base 16, what is -1d - 7?
-24
In base 4, what is -2103 + 1?
-2102
In base 6, what is -145423 + 5?
-145414
In base 5, what is -10 + -13?
-23
In base 8, what is 41 + -22?
17
In base 11, what is 4928 + 2?
492a
In base 10, what is -1 + 367?
366
In base 11, what is a22 + -3?
a1a
In base 11, what is -4 - 38?
-41
In base 9, what is -26 - 4?
-31
In base 8, what is 54 - 230?
-154
In base 8, what is 1 + -375?
-374
In base 6, what is -12 - 5240?
-5252
In base 16, what is -3 + 8?
5
In base 6, what is 0 - 523?
-523
In base 3, what is -1012 - 10?
-1022
In base 13, what is 24 + -134?
-110
In base 12, what is -188 - -30?
-158
In base 3, what is -20 - -22?
2
In base 12, what is 137 - 2?
135
In base 16, what is 4 + -13?
-f
In base 7, what is -5053 - -5?
-5045
In base 6, what is -3 + 40?
33
In base 9, what is 3027 - -4?
3032
In base 6, what is -104 - 3?
-111
In base 7, what is 2 + -201?
-166
In base 9, what is 11 - 371?
-360
In base 11, what is -2 - -2?
0
In base 7, what is -1215 + -13?
-1231
In base 11, what is -2 + 518?
516
In base 11, what is -3101 + -4?
-3105
In base 15, what is 49 + 3?
4c
In base 10, what is 213 + 5?
218
In base 15, what is 0 - 62?
-62
In base 5, what is -1 - 213?
-214
In base 2, what is 11 + -1?
10
In base 16, what is 1 + 6b?
6c
In base 10, what is 0 - 14?
-14
In base 14, what is -335 - -2?
-333
In base 16, what is -1 + -57?
-58
In base 7, what is 263 - 1?
262
In base 3, what is -10 - -2200110?
2200100
In base 4, what is -2303 - 1210?
-10113
In base 13, what is 4 + 1005?
1009
In base 16, what is d2 - -c?
de
In base 10, what is -216 + 3?
-213
In base 14, what is b - 30?
-23
In base 6, what is 2 - 1221?
-1215
In base 14, what is -189a + -1?
-189b
In base 8, what is 5 + 306?
313
In base 15, what is 14bd - 0?
14bd
In base 8, what is 3513 - 2?
3511
In base 11, what is 0 - -25?
25
In base 6, what is 32103 + -3?
32100
In base 3, what is -210 - -102?
-101
In base 9, what is -632 - 5?
-637
In base 11, what is -1 + 32?
31
In base 3, what is -10210 - -11?
-10122
In base 7, what is 4 + 1043?
1050
In base 2, what is -101100100 - -1?
-101100011
In base 13, what is -69 + -26?
-92
In base 13, what is c8 - 3?
c5
In base 10, what is -4 + -165?
-169
In base 4, what is 31332 + -113?
31213
In base 5, what is -232 - -2324?
2042
In base 10, what is 30 + -35?
-5
In base 2, what is 100 - -1011?
1111
In base 5, what is -102 - 4?
-111
In base 5, what is -4 + -1040?
-1044
In base 13, what is -2 + -42c?
-431
In base 16, what is -9 + 55d?
554
In base 9, what is 5 + 8224?
8230
In base 11, what is -2 + -9?
-10
In base 14, what is 4a + -45?
5
In base 11, what is -1 + 1312?
1311
In base 5, what is -1 - -21443?
21442
In base 5, what is 0 + -323?
-323
In base 6, what is 5 + -2255?
-2250
In base 7, what is -2 - 5024?
-5026
In base 11, what is -1324 - -2?
-1322
In base 11, what is 44925 + 2?
44927
In base 4, what is 3102 - 200?
2302
In base 16, what is -14 + ec?
d8
In base 4, what is 12 - 101?
-23
In base 2, what is 111 - 1100100?
-1011101
In base 12, what is -13475 - 2?
-13477
In base 12, what is -a1 + -4?
-a5
In base 16, what is 5 - -28b?
290
In base 14, what is -30 - a7?
-d7
In base 16, what is 1c - -3?
1f
In base 15, what is 5 + -111?
-10b
In base 16, what is 43 + 4?
47
In base 6, what is -2023 - -5?
-2014
In base 10, what is 266 - 27?
239
In base 4, what is 3211 - -1210?
11021
In base 10, what is 104 + -26?
78
In base 12, what is -3 + 581?
57a
In base 15, what is -2 - -10e?
10c
In base 11, what is -2685 + -2?
-2687
In base 7, what is 1252 - -12?
1264
In base 4, what is 30 - -3?
33
In base 7, what is 26 - -6?
35
In base 15, what is -1e - -2bd?
29e
In base 13, what is -b6c + -3?
-b72
In base 6, what is 4 - -135?
143
In base 16, what is -4 + 983?
97f
In base